{"id":59,"date":"2019-06-22T09:16:00","date_gmt":"2019-06-22T07:16:00","guid":{"rendered":"http:\/\/www.bei-peppo.de\/?page_id=59"},"modified":"2021-06-08T22:14:09","modified_gmt":"2021-06-08T20:14:09","slug":"schmankerl-der-woche","status":"publish","type":"page","link":"https:\/\/www.bei-peppo.de\/?page_id=59","title":{"rendered":"Schmankerl der Woche"},"content":{"rendered":"\n<p class=\"has-small-font-size\">Stand: 08.06.2021<\/p>\n\n\n\n<h5 class=\"has-text-align-center wp-block-heading\">Unsere aktuellen <br>&#8222;Schmankerl der Woche&#8220; <br>finden Sie bis auf weiteres auf der ersten Seite der aktuell g\u00fcltigen <br><a rel=\"noreferrer noopener\" href=\"https:\/\/www.bei-peppo.de\/wp-content\/uploads\/peppo-to-go.pdf\" data-type=\"URL\" data-id=\"https:\/\/www.bei-peppo.de\/wp-content\/uploads\/peppo-to-go.pdf\" target=\"_blank\">Speisekarte<\/a>.<\/h5>\n","protected":false},"excerpt":{"rendered":"<p>Freuen Sie sich regelm\u00e4\u00dfig auf neue kulinarische Kreationen aus unserer K\u00fcche, die Sie so nicht auf unserer Speisekarte finden!<\/p>\n<p>Lassen Sie sich von der Kreativit\u00e4t unserer K\u00f6che \u00fcberraschen.<\/p>\n","protected":false},"author":1,"featured_media":214,"parent":0,"menu_order":0,"comment_status":"closed","ping_status":"closed","template":"","meta":{"footnotes":""},"class_list":["post-59","page","type-page","status-publish","has-post-thumbnail","hentry"],"_links":{"self":[{"href":"https:\/\/www.bei-peppo.de\/index.php?rest_route=\/wp\/v2\/pages\/59","targetHints":{"allow":["GET"]}}],"collection":[{"href":"https:\/\/www.bei-peppo.de\/index.php?rest_route=\/wp\/v2\/pages"}],"about":[{"href":"https:\/\/www.bei-peppo.de\/index.php?rest_route=\/wp\/v2\/types\/page"}],"author":[{"embeddable":true,"href":"https:\/\/www.bei-peppo.de\/index.php?rest_route=\/wp\/v2\/users\/1"}],"replies":[{"embeddable":true,"href":"https:\/\/www.bei-peppo.de\/index.php?rest_route=%2Fwp%2Fv2%2Fcomments&post=59"}],"version-history":[{"count":30,"href":"https:\/\/www.bei-peppo.de\/index.php?rest_route=\/wp\/v2\/pages\/59\/revisions"}],"predecessor-version":[{"id":380,"href":"https:\/\/www.bei-peppo.de\/index.php?rest_route=\/wp\/v2\/pages\/59\/revisions\/380"}],"wp:featuredmedia":[{"embeddable":true,"href":"https:\/\/www.bei-peppo.de\/index.php?rest_route=\/wp\/v2\/media\/214"}],"wp:attachment":[{"href":"https:\/\/www.bei-peppo.de\/index.php?rest_route=%2Fwp%2Fv2%2Fmedia&parent=59"}],"curies":[{"name":"wp","href":"https:\/\/api.w.org\/{rel}","templated":true}]}}